it of 2398974?
3
What is the millions digit of 4516937?
4
What is the hundreds digit of 1380426?
4
What is the hundred thousands digit of 24922793?
9
What is the units digit of 11999795?
5
What is the hundred thousands digit of 248604?
2
What is the tens digit of 613630?
3
What is the units digit of 8814710?
0
What is the hundreds digit of 82453?
4
What is the hundred thousands digit of 477963?
4
What is the tens digit of 854996?
9
What is the thousands digit of 25528427?
8
What is the tens digit of 8982570?
7
What is the thousands digit of 1472433?
2
What is the thousands digit of 32142408?
2
What is the ten millions digit of 11488869?
1
What is the hundred thousands digit of 673824?
6
What is the thousands digit of 398383?
8
What is the ten millions digit of 16510706?
1
What is the tens digit of 722299?
9
What is the tens digit of 85428?
2
What is the units digit of 3085122?
2
What is the tens digit of 953039?
3
What is the units digit of 113873?
3
What is the tens digit of 2532814?
1
What is the ten thousands digit of 187906?
8
What is the millions digit of 4667967?
4
What is the tens digit of 3760978?
7
What is the hundreds digit of 3058446?
4
What is the units digit of 93613?
3
What is the ten millions digit of 15223732?
1
What is the thousands digit of 12085940?
5
What is the thousands digit of 216134?
6
What is the hundred thousands digit of 1735402?
7
What is the ten millions digit of 16526053?
1
What is the hundreds digit of 7269?
2
What is the hundreds digit of 2144340?
3
What is the ten thousands digit of 5485924?
8
What is the millions digit of 2740996?
2
What is the ten thousands digit of 184745?
8
What is the hundreds digit of 4385699?
6
What is the ten thousands digit of 248862?
4
What is the units digit of 9585937?
7
What is the thousands digit of 8870784?
0
What is the ten thousands digit of 221697?
2
What is the tens digit of 6949476?
7
What is the ten thousands digit of 1059460?
5
What is the tens digit of 6404636?
3
What is the units digit of 509547?
7
What is the millions digit of 2166899?
2
What is the hundreds digit of 3272054?
0
What is the ten thousands digit of 576262?
7
What is the thousands digit of 576965?
6
What is the hundreds digit of 4193954?
9
What is the millions digit of 1557067?
1
What is the ten thousands digit of 936962?
3
What is the hundreds digit of 22881?
8
What is the ten thousands digit of 70488?
7
What is the thousands digit of 596594?
6
What is the hundred thousands digit of 5612087?
6
What is the units digit of 2771671?
1
What is the millions digit of 24864395?
4
What is the tens digit of 27320730?
3
What is the tens digit of 542590?
9
What is the ten thousands digit of 3056213?
5
What is the thousands digit of 194435?
4
What is the hundred thousands digit of 163045?
1
What is the thousands digit of 11162017?
2
What is the thousands digit of 99378?
9
What is the thousands digit of 382092?
2
What is the tens digit of 2264647?
4
What is the hundreds digit of 1030385?
3
What is the hundreds digit of 2222468?
4
What is the thousands digit of 181100?
1
What is the ten thousands digit of 180526?
8
What is the tens digit of 274217?
1
What is the ten thousands digit of 724060?
2
What is the thousands digit of 4187483?
7
What is the ten thousands digit of 4542515?
4
What is the tens digit of 134227?
2
What is the hundred thousands digit of 28674681?
6
What is the hundreds digit of 1647903?
9
What is the thousands digit of 2182145?
2
What is the units digit of 646426?
6
What is the hundred thousands digit of 2111591?
1
What is the hundred thousands digit of 115590?
1
What is the thousands digit of 3629339?
9
What is the hundreds digit of 2478573?
5
What is the tens digit of 247203?
0
What is the units digit of 8503123?
3
What is the hundred thousands digit of 10819444?
8
What is the tens digit of 2165621?
2
What is the tens digit of 87173?
7
What is the hundreds digit of 226506?
5
What is the tens digit of 86615?
1
What is the thousands digit of 79657?
9
What is the hundred thousands digit of 415665?
4
What is the units digit of 226898?
8
What is the millions digit of 2153299?
2
What is the ten thousands digit of 470763?
7
What is the hundreds digit of 112614?
6
What is the units digit of 420267?
7
What is the hundreds digit of 603179?
1
What is the hundreds digit of 96671?
6
What is the tens digit of 91288?
8
What is the units digit of 2950709?
9
What is the ten thousands digit of 2059677?
5
What is the tens digit of 3408728?
2
What is the ten thousands digit of 13304153?
0
What is the units digit of 29870?
0
What is the millions digit of 6558113?
6
What is the hundred thousands digit of 6364757?
3
What is the hundred thousands digit of 398178?
3
What is the units digit of 337847?
7
What is the hundred thousands digit of 23097853?
0
What is the ten thousands digit of 3419337?
1
What is the tens digit of 1570026?
2
What is the thousands digit of 2862680?
2
What is the hundred thousands digit of 1357270?
3
What is the hundreds digit of 120402?
4
What is the ten thousands digit of 5137574?
3
What is the ten millions digit of 20386872?
2
What is the hundreds digit of 196939?
9
What is the hundred thousands digit of 1843882?
8
What is the tens digit of 327018?
1
What is the hundreds digit of 171085?
0
What is the units digit of 963480?
0
What is the thousands digit of 77084?
7
What is the ten thousands digit of 6649576?
4
What is the hundreds digit of 4205608?
6
What is the thousands digit of 251648?
1
What is the units digit of 560266?
6
What is the hundreds digit of 1062542?
5
What is the ten millions digit of 25249023?
2
What is the ten thousands digit of 54543?
5
What is the thousands digit of 200078?
0
What is the millions digit of 7515009?
7
What is the tens digit of 1025365?
6
What is the hundreds digit of 141437?
4
What is the ten thousands digit of 30825482?
2
What is the tens digit of 25920?
2
What is the units digit of 411016?
6
What is the tens digit of 4802?
0
What is the millions digit of 23238873?
3
What is the hundreds digit of 4467505?
5
What is the hundreds digit of 22309994?
9
What is the tens digit of 2135019?
1
What is the hundreds digit of 1146563?
5
What is the hundreds digit of 7761905?
9
What is the hundreds digit of 1235771?
7
What is the ten millions digit of 24495432?
2
What is the millions digit of 2233589?
2
What is the tens digit of 1226318?
1
What is the ten thousands digit of 6185014?
8
What is the millions digit of 4055848?
4
What is the ten thousands digit of 2022466?
2
What is the millions digit of 10120267?
0
What is the units digit of 502512?
2
What is the tens digit of 5546573?
7
What is the hundreds digit of 3831207?
2
What is the hundred thousands digit of 5759638?
7
What is the hundreds digit of 247563?
5
What is the hundred thousands digit of 361883?
3
What is the hundred thousands digit of 27076658?
0
What is the units digit of 4878644?
4
What is the hundreds digit of 3177700?
7
What is the ten thousands digit of 2792094?
9
What is the ten thousands digit of 725854?
2
What is the thousands digit of 89543?
9
What is the hundreds digit of 1287920?
9
What is the ten thousands digit of 30310848?
1
What is the tens digit of 2504519?
1
What is the millions digit of 5814093?
5
What is the thousands digit of 198417?
8
What is the units digit of 739851?
1
What is the thousands digit of 12495441?
5
What is the ten thousands digit of 213692?
1
What is the tens digit of 2664854?
5
What is the thousands digit of 2908841?
8
What is the ten millions digit of 14590408?
1
What is the hundreds digit of 281096?
0
What is the ten millions digit of 17515210?
1
What is the thousands digit of 278720?
8
What is the units digit of 453420?
0
What is the units digit of 2459463?
3
What is the hundred thousands digit of 4141219?
1
What is the tens digit of 458104?
0
What is the tens digit of 330968?
6
What is the ten thousands digit of 4702797?
0
What is the hundreds digit of 598294?
2
What is the hundreds digit of 4957072?
0
What is the hundreds digit of 184128?
1
What is the ten millions digit of 14388082?
1
What is the units digit of 225148?
8
What is the tens digit of 11953520?
2
What is the hundred thousands digit of 8769651?
7
What is the thousands digit of 977563?
7
What is the units